36609248?
48
What is the greatest common factor of 40220394 and 4902?
258
Calculate the greatest common factor of 1932 and 152204892.
1932
Calculate the greatest common divisor of 114698964 and 1332.
444
What is the highest common factor of 7955 and 379805?
185
Calculate the highest common factor of 277 and 1259641988.
277
Calculate the greatest common divisor of 78 and 5968586.
26
What is the greatest common divisor of 45024 and 842793?
1407
What is the highest common divisor of 1572 and 2193726?
786
Calculate the greatest common factor of 245850 and 59950.
550
What is the greatest common divisor of 45414 and 1674?
54
Calculate the greatest common divisor of 504 and 620196.
12
What is the highest common factor of 3619 and 366579367?
3619
Calculate the greatest common divisor of 5363640 and 15651.
423
Calculate the greatest common factor of 412553 and 5053.
163
What is the greatest common factor of 47767347 and 75?
3
What is the greatest common factor of 2085317 and 5330?
13
Calculate the greatest common factor of 17694418 and 1064.
14
Calculate the greatest common divisor of 354096 and 3114.
18
What is the greatest common factor of 277760 and 666035?
155
What is the highest common divisor of 147 and 7968821?
49
What is the greatest common divisor of 8931078 and 154908?
234
What is the highest common factor of 40545531 and 26?
13
What is the greatest common factor of 58675690 and 5?
5
Calculate the highest common factor of 19934859 and 966.
483
What is the highest common divisor of 32385 and 35914330?
635
What is the greatest common divisor of 86740460 and 4085?
215
Calculate the highest common divisor of 2682 and 13208418.
18
Calculate the highest common factor of 727 and 637626255.
727
Calculate the greatest common factor of 5577 and 2310165.
429
What is the greatest common divisor of 241 and 65610?
1
What is the highest common factor of 5500 and 14711125?
1375
Calculate the highest common factor of 4330762 and 62.
62
Calculate the greatest common divisor of 96243914 and 2990.
598
What is the greatest common divisor of 160 and 23499700?
20
What is the highest common divisor of 1221710 and 50?
10
Calculate the highest common divisor of 4663 and 464094401.
4663
Calculate the greatest common divisor of 4049334 and 450.
18
Calculate the greatest common factor of 123968 and 27712.
64
What is the highest common divisor of 519805971 and 3?
3
What is the greatest common factor of 2342165 and 40?
5
What is the greatest common divisor of 984864 and 192?
96
Calculate the greatest common divisor of 556 and 206241389.
139
What is the greatest common divisor of 198496 and 284?
4
Calculate the greatest common divisor of 194297 and 25241.
587
Calculate the greatest common divisor of 408 and 722058.
102
What is the highest common divisor of 7945100 and 20?
20
Calculate the greatest common factor of 2611 and 490254415.
2611
What is the greatest common factor of 26797410 and 285?
285
What is the greatest common factor of 126182841 and 3?
3
Calculate the greatest common divisor of 30836761 and 2.
1
What is the highest common divisor of 10461 and 93400563?
951
What is the greatest common factor of 880 and 166005664?
176
What is the highest common divisor of 462178 and 18724664?
2582
Calculate the greatest common divisor of 27 and 176790645.
9
Calculate the highest common divisor of 36 and 15847864.
4
Calculate the greatest common factor of 954468010 and 1465.
1465
What is the highest common divisor of 4316 and 165024418?
2158
What is the greatest common divisor of 252 and 1463308476?
84
Calculate the greatest common factor of 88 and 632286358.
22
Calculate the greatest common divisor of 1182660 and 23460.
1380
What is the greatest common divisor of 257770 and 50689?
173
What is the greatest common factor of 118474 and 53206?
74
What is the greatest common divisor of 5346 and 1597266?
594
Calculate the greatest common divisor of 275724 and 239131.
851
Calculate the greatest common factor of 19147 and 6466549.
467
Calculate the greatest common factor of 4786 and 1801929.
2393
Calculate the greatest common factor of 17036571 and 17241.
2463
Calculate the highest common divisor of 256148 and 24.
4
What is the greatest common divisor of 11050 and 453325?
25
What is the highest common factor of 143 and 17462852?
11
What is the greatest common factor of 49 and 18642183?
7
Calculate the greatest common divisor of 7463 and 408782.
17
Calculate the highest common divisor of 475517872 and 4176.
464
Calculate the greatest common divisor of 78738 and 407.
11
What is the highest common factor of 5683263 and 805763?
1951
What is the greatest common factor of 2308437 and 6?
3
What is the greatest common divisor of 102 and 2760993766?
34
What is the greatest common factor of 105203 and 309959?
113
What is the greatest common factor of 6744927 and 21?
21
What is the greatest common divisor of 2573350 and 74?
74
Calculate the highest common factor of 21164 and 11161568.
1628
Calculate the highest common factor of 1676 and 25673806.
838
Calculate the highest common divisor of 13164 and 77887.
1097
Calculate the greatest common factor of 100 and 224975.
25
Calculate the highest common divisor of 1912 and 3131139.
239
What is the highest common divisor of 127110 and 341430?
570
What is the highest common divisor of 51660 and 80647?
287
What is the greatest common divisor of 47655 and 13569320?
1765
Calculate the highest common divisor of 706804978 and 22.
22
Calculate the greatest common factor of 67444080 and 480.
240
What is the highest common factor of 330888 and 344?
8
What is the greatest common divisor of 2016 and 1940904?
504
What is the greatest common divisor of 12985698 and 8305?
1661
Calculate the highest common divisor of 17002713 and 936.
39
Calculate the highest common factor of 86853825 and 900.
225
Calculate the highest common factor of 18603 and 9243.
117
Calculate the highest common factor of 54 and 110563434.
54
Calculate the greatest common divisor of 46569325 and 1375.
275
Calculate the highest common factor of 156102583 and 355887.
13181
Calculate the greatest common factor of 9122547 and 42.
21
Calculate the highest common factor of 26 and 19580587.
13
What is the highest common factor of 153908042 and 28888?
7222
Calculate the greatest common factor of 214522415 and 6130.
3065
Calculate the highest common factor of 660 and 56736570.
330
What is the highest common divisor of 10698 and 368556?
6
Calculate the highest common factor of 1385578 and 16.
2
What is the highest common factor of 60836200 and 1972?
1972
What is the greatest common divisor of 20 and 86033380?
20
What is the greatest common factor of 1928 and 225358136?
1928
What is the highest common divisor of 68 and 644602328?
68
Calculate the highest common divisor of 72098 and 30550.
1222
Calculate the greatest common divisor of 9382844 and 1547.
17
What is the greatest common factor of 552 and 2233461?
69
Calculate the highest common divisor of 14811328 and 112.
112
What is the highest common factor of 969 and 8696775?
969
Calculate the highest common factor of 695444 and 404.
4
Calculate the highest common divisor of 4774 and 338800.
154
Calculate the greatest common factor of 1013 and 57077485.
1013
Calculate the greatest common factor of 396 and 504834396.
132
Calculate the greatest common factor of 44 and 2368273732.
44
What is the greatest common divisor of 14138110 and 2240?
70
Calculate the highest common divisor of 1562 and 131032.
22
What is the highest common divisor of 742 and 11424882?
14
What is the greatest common divisor of 52022 and 10954738?
2738
What is the highest common factor of 158 and 1383247972?
158
Calculate the highest common divisor of 9640 and 1055992592.
1928
What is the highest common factor of 357896 and 235543?
539
Calculate the highest common factor of 43000566 and 543368.
4382
What is the highest common factor of 1045028 and 987160?
3404
What is the highest common factor of 38398 and 248798?
526
Calculate the greatest common factor of 124129222 and 2842.
406
Calculate the highest common divisor of 33 and 2646916008.
33
Calculate the highest common factor of 85550005 and 172.
43
Calculate the highest common divisor of 8797 and 14064088.
463
Calculate the highest 